2. Let b be g(u). Let k(t) = 2*t + t - 2*t**3 - b - 3*t**2 + 0 + 4*t**2. Determine k(2).
-7
Let v(h) be the second derivative of h**3/6 - 4*h**2 + 147*h. What is v(5)?
-3
Let t(r) be the first derivative of r**4/4 + r**3 + r**2 + 3*r + 2. Let h = 23 + -26. Let s be ((-9)/(-12))/(h/12). Give t(s).
-3
Let p(m) be the first derivative of 9*m**2 - 7*m + 7. Let b(s) = -17*s + 6. Let d(z) = 7*b(z) + 6*p(z). Determine d(1).
-11
Let n(c) = -c**2 + 9 - 6*c - 5 - 9. Let f be 1 + 3 + 4 + -16 + 4. Determine n(f).
3
Suppose 1 = -4*z + 53. Let p(k) = -k**3 - 3*k**2 - k. Let h be p(-3). Suppose o + 2*n - n = -h, 0 = -3*o - 4*n - z. Let x(l) = -l**2 - l + 1. Calculate x(o).
-1
Suppose -2*x - 5*i + 28 = 0, -i = 12*x - 17*x + 16. Let g(h) = -9*h + 3. Determine g(x).
-33
Let t(k) = 2*k**3 - 5*k**2 + 6*k. Let i be t(2). Let q(s) = -s**2 + 9*s - 4. Determine q(i).
4
Let u be -2 + (5 - 1) + -5. Let s(y) = 48 + 49 - 4*y - 97. What is s(u)?
12
Let r(d) = -4*d + 3*d + d**2 - 1 + d**2. Let n(j) = -j**2 + 7*j - 6. Let b be n(5). Suppose 7*s = 5*s - b. Calculate r(s).
9
Let w(x) = -x**2 - 14*x + 6. Let y(s) = 5*s - 1. Let d(t) = -w(t) - 3*y(t). Give d(5).
17
Let a(n) = -11*n**2 + n - 1. Suppose 148 = -4*h - 276. Let v = h - -107. Give a(v).
-11
Let q(l) = l**2 - 5*l. Let k = -14 + 20. Let y(r) = r**2 - 6*r + 10. Let z be y(k). Suppose -8*n + z*n = 12. Determine q(n).
6
Suppose 3*m - 12 = m. Suppose -m*z - 3*z = -36. Let k(r) = 4*r + r**2 - 6 - r**2 - r**2. Calculate k(z).
-6
Let z(f) = -4*f**3 - f**2 + f. Suppose 3*d = 5*d - 26. Suppose -9 = 4*w - d*w. Give z(w).
-4
Suppose 3*h + 5 = -2*h. Let q(j) = -j**3 - j**2 - j. Let k(p) = -p**2 + 3*p + 1. Let l(z) = h*k(z) - q(z). Let a(n) = -n**2 + 6*n - 3. Let f be a(6). Give l(f).
-4
Let i(s) = 2*s**3 - 3*s**2 - 2*s. Let z be (3/(-9))/((-14)/(-42)). What is i(z)?
-3
Let z be (11 - 17)*(-8)/6. Let f(t) = 6*t + z*t**2 + 7*t**2 + 3*t**2 - 7 - 19*t**2. Suppose -14 + 2 = -2*b + 3*p, 5*p = 0. Give f(b).
-7
Let h(b) = b**2 + 8*b + 4. Let w = 52 + -47. Suppose 30 = -4*s - f, w*s - 4*f + 0*f + 27 = 0. Calculate h(s).
-3
Let w = -9 + 62. Let u(a) = -1 + 2 + 45*a - w*a. Calculate u(1).
-7
Let r(v) = -2*v**3 + 4*v**2 - v + 4. Let n be r(2). Let y(u) = -8*u**2 + 5*u**2 + n*u**2 - 2 - 2*u. Suppose 0 = 5*i - 4*g + 32, -g + 0*g - 1 = i. Give y(i).
-10
Let m(o) = o + 418 - 399 - 3*o. Give m(13).
-7
Let p(b) = -b**3 - 6*b**2 + 2*b + 14. Let t be p(-6). Let c(i) = -110*i**2 - 106*i**t - 9 + 8*i + 215*i**2. Determine c(6).
3
Suppose -11*c + 7*c = 4. Let b be (1/(-2))/(c/(-46)). Let m = b - -20. Let q(k) = -2*k**2 - 4*k - 3. Determine q(m).
-9
Let m(v) = v**2 - 7*v + 1. Suppose 3*t + r - 23 = 0, -t - 2*r + 4 = -2*t. What is m(t)?
-5
Let o(z) be the second derivative of z**4/24 + 5*z**3/3 - 3*z**2 - z. Let q(y) be the first derivative of o(y). Let c = 7 - 7. Give q(c).
10
Let p = 5 - 2. Let u(d) be the first derivative of 0*d - 3/2*d**2 + 4 + 4/3*d**p - 1/4*d**4. Calculate u(2).
2
Let z(d) = -26*d + 95*d - 19*d + 2 + d**2 - 28*d - 27*d. Let i be (1 + -2 + 2)*1. Let a = i + 5. Calculate z(a).
8
Suppose -5 - 1 = -2*o. Let u(l) = 23*l + 21*l + l**3 - o - 45*l. Give u(0).
-3
Let s(x) = -19*x - 171. Let j be s(-8). Let f(g) = -g**3 - 18*g**2 + 19*g - 8. Determine f(j).
-8
Let n(k) = k**3 + 7*k**2 + 8*k - 4. Let t = -310 + 304. Give n(t).
-16
Let u(d) = -d**2 - d + 3. Let b = 1430 - 1434. What is u(b)?
-9
Let v be 15/9 + (-2)/3. Let c = v - -2. Let o(l) = -c*l + l**2 + 5 - 3*l - l. Determine o(4).
-7
Let k(u) = -u**2 + 6*u - 6. Let q be k(3). Let b(y) = -y - 2. Give b(q).
-5
Let m(c) = -4*c**2 + 13*c - 1. Let h(i) = 3*i**2 - 12*i + 1. Suppose 0 = -9*x + 10*x + 2. Let t(w) = x*m(w) - 3*h(w). Give t(8).
15
Let h(z) = z**3 - 11*z**2 + 2*z - 22. Let o = 643 + -632. Calculate h(o).
0
Let c(l) be the second derivative of -l**4/12 + 7*l**2/2 + 3*l + 2. Determine c(5).
-18
Let d = -13 - -6. Let x(p) be the third derivative of p**4/24 + p**3 + 2*p**2 - 8*p. What is x(d)?
-1
Suppose -o + 8 = -3*o + 5*z, 5*o = -2*z + 38. Suppose 12 - 60 = 4*c. Let y = c + o. Let i(p) = -p - 11. Calculate i(y).
-5
Let n(k) = 13*k**3 - 8*k**2 + 6*k + 20. Let z(q) = 2*q**3 - q**2 + q + 3. Let i(j) = -n(j) + 6*z(j). Give i(2).
-2
Let m(w) = 15*w + 15. Let u(x) = x + 15. Let z be u(-6). Let n(r) = -7*r - 7. Let h(y) = z*n(y) + 4*m(y). Give h(-2).
3
Let f(y) be the second derivative of -y**5/20 + y**4 - y**2/2 - 101*y. Determine f(12).
-1
Let r(v) = -v**2 + 3*v + 5. Let u = 191 + -116. Let b = u + -70. What is r(b)?
-5
Let p(o) = -2*o + 0*o**2 + 2*o**2 - o**3 + 1 - o. Let u be (-16)/((-16)/5) - (-2)/(-1). Calculate p(u).
-17
Let t(v) be the third derivative of -v**4/6 + 2*v**3/3 + 5*v**2. Suppose -4*r = -6*r + 8. Determine t(r).
-12
Let k(d) be the second derivative of d**5/20 - d**4/4 - d**3/3 - 3*d + 6. Determine k(3).
-6
Let s(a) = -4 - 1066*a**2 + 0 + 0 + 1065*a**2 + 2. What is s(5)?
-27
Let n(d) = 2*d**2 + d + 315 - 23*d**3 - 315 + 25*d**3. Let u(j) = j**3 - 2*j**2 - 2*j - 4. Let p be u(3). Calculate n(p).
-1
Let f(x) = -x**2 - 2*x + 8. Let i(b) = 6*b + 12. Let q be i(-3). Let z be ((-3)/(-3))/((-1)/q*-1). Calculate f(z).
-16
Let t(v) = -v**3 + 5*v**2 + 6*v - 7. Let o = 4 - -28. Let s = o + -26. Give t(s).
-7
Let h(k) = k**2 - 6*k + 5. Let w be ((-36)/27)/(8/(-18)). Suppose 19 - w = 4*a. Calculate h(a).
-3
Let h(t) = -8*t**2 + 2*t - 1. Let c be h(1). Let d = 10 + c. Let z(g) = -g - g + 2*g - d*g - 8. Determine z(-6).
10
Let k(c) = -18*c**3 + 2*c**2 - c. Let g = 8 - 7. Let o be k(g). Let d = -21 - o. Let q(s) = s. What is q(d)?
-4
Let r(w) = -w**2 + 10*w + 16. Let o be (-4)/10 - (-1824)/160. Give r(o).
5
Let t(c) = -7*c - 4 + 17 - 4 + c**2. Suppose -3*a + 0*a = -21. Give t(a).
9
Let i(q) = q**3 - 5*q**2 + 2*q + 2. Suppose 14*w - 35 = 7. Determine i(w).
-10
Suppose -n = g + 11, -n = n - 2*g + 2. Let l be 1/(2/(-16)) + 9 + n. Let j(m) = -m - 2. Determine j(l).
3
Suppose -11 = -2*a + 5*q, -3*a - 4*q - 34 = -a. Let i(x) be the third derivative of x**6/120 + x**5/10 - x**4/4 + x**3/3 - 3*x**2. Give i(a).
-5
Let x be 3/(-4*(-1)/4). Suppose -7*m + x*m - a = 0, 0 = 4*m + 5*a - 16. Let w(p) = -6*p + 1. Let t(v) = 5*v - 1. Let g(r) = 3*t(r) + 2*w(r). Give g(m).
-4
Let l be 6 - (-14)/48 - 6. Let j(h) be the third derivative of l*h**4 + 0 - 3*h**2 + 5/6*h**3 + 1/60*h**5 + 0*h. What is j(-5)?
-5
Let l(v) = -3*v. Let b(a) = a**2 + 3*a - 1. Let w be b(2). Let r(u) = 3*u + w - 2*u + 1. Let f be r(-8). Give l(f).
-6
Suppose t - 4*d + 10 = 0, -2*d + 46 + 4 = -3*t. Let c = 20 + t. Suppose 0 = c*p + 8. Let n(l) = l**2 + 3*l - 4. Give n(p).
0
Let q(b) be the third derivative of b**5/60 - b**4/24 - 7*b**3/6 - 3*b**2 - 106*b. What is q(3)?
-1
Let p(o) = o**3 + 4*o**2 - 2*o + 4. Let c = -34 + 49. Suppose 0 + c = -3*j. Give p(j).
-11
Let f(g) = 7*g + 87. Let v(z) = 5*z + 56. Let r(p) = -5*f(p) + 8*v(p). Give r(-7).
-22
Suppose 6 = 4*a - 2*l - 12, -2*l = -3*a + 14. Suppose -a*w = b - 2*w + 17, 20 = -4*w. Let c(t) = t - 9. What is c(b)?
-16
Let f(t) = -t**3 + 14*t**2 - 30*t + 74. Let p be f(12). Let i(m) be the first derivative of m**3/3 - m**2 + 2*m - 2. Give i(p).
2
Let j(u) = 5*u**3 + 2*u + 1. Let i(n) = -n**2 - 32*n - 1. Let f be i(-32). What is j(f)?
-6
Let c(b) = b + 8. Let f be c(-6). Let x(n) = n**3 + 4 - 3*n - 2*n - 5*n**f - 1 + 4*n. Let r(t) = t**3 + 6*t**2 - 10*t - 16. Let q be r(-7). Calculate x(q).
-2
Let m(q) = -42*q + 39*q - 5 + 4*q. Give m(14).
9
Suppose -a = -0*u + 4*u - 4, 3*a - 12 = 0. Let i be 1*(-6 + (u - -4)). Let w(f) be the first derivative of -f**2/2 + 3. Calculate w(i).
2
Let q(g) be the first derivative of -5*g**2/2 + g + 133. Give q(-9).
46
Let m(l) = -l - 2. Let z = 1350 - 1348. What is m(z)?
-4
Suppose -k - 5 = 0, k = -0*c + 2*c - 13. Let s(g) be the third derivative of -g**4/12 + g**3/3 - 37*g**2. What is s(c)?
-6
Suppose -x + 5*x + 2 = -o, -13 = -5*o + 3*x. Let d(p) = -57 + p**o + 59 + p**3 + 0*p**3. What is d(-3)?
-16
Let x(b) = b**3 + 12*b**2 - 10*b + 18. Let t = 2457 - 2470. Calculate x(t).
-21
Let u(x) = -x**2 - 3*x + 1. Let d(w) = -2 + w - 1 + 0*w + 2. Let y(j) = 4*d(j) - u(j). Calculate y(-7).
-5
Let u(f) = 2*f + 2. Suppose -3*b = -5*g + 14, 0*b = 4*b - g + 13. Determine u(b).
-4
Let l(y) be the first derivative of -y**7/840 + y**6/45 + y**5/120 - y**4/3 - 16*y**3/3 - 